vided by 4.
2
Let a = -116 - -208. Let p(w) = -4*w + 6. Let y be p(16). Let m = a + y. What is the remainder when m is divided by 12?
10
What is the remainder when 1379 is divided by (20/3)/((-1)/((-63)/14))?
29
Suppose -59 + 708 = 11*t. What is the remainder when t is divided by 16?
11
Suppose 0 = -616*h + 613*h + 300. What is the remainder when 357 is divided by h?
57
Let m = -364 - -512. What is the remainder when m is divided by 70?
8
Let a(h) = -26*h - 32. What is the remainder when (-22)/(10/14 - 1) is divided by a(-2)?
17
What is the remainder when 65 is divided by -9 + 856/32 - (-2)/8?
11
Let y = 170 - -162. Suppose 0 = 42*j - 46*j + y. Suppose -3*h = -39 - 45. Calculate the remainder when j is divided by h.
27
Let i(w) = 9*w**2 - 94*w + 18. Calculate the remainder when 212 is divided by i(11).
66
Suppose 0 = -12*w - 25 + 865. What is the remainder when w is divided by 12?
10
Suppose -a + 4*w = 6, -3*w = a - 0*a - 29. Suppose a*d - 946 = -8*d. What is the remainder when 169 is divided by d?
40
Suppose 5*v - 4*b = -0*b + 541, 2*v - 219 = -b. Calculate the remainder when 433 is divided by v.
106
Let i = 54 + -30. Calculate the remainder when ((-6)/i)/((-2)/888) is divided by 28.
27
Suppose -3*o + 2*o + 5*i = -247, 5*o = -4*i + 1235. Suppose 9*v + 76 - o = 0. What is the remainder when v is divided by 11?
8
What is the remainder when (344/36 + -8)/((-1)/(-9)) is divided by 1?
0
Let l(a) = 3*a**2 - 13*a + 163. What is the remainder when l(12) is divided by 20?
19
Let k(o) = o**2 - 3. Let r be k(-3). Let t = -3 + r. Suppose -4*j - t*a + 92 = -0*a, -22 = -j - a. What is the remainder when j is divided by 14?
12
Let k(z) = -14*z - 2. Let y(q) = -5*q - 9. Let d be y(-1). What is the remainder when k(-4) is divided by (d/(-12))/((-1)/(-57))?
16
Suppose -2*p - 7 = -3*u - p, -3 = -u + p. Suppose 4*m - 24 = u*m. Calculate the remainder when 47 is divided by m.
11
Let f = 0 + 3. Suppose -160 = -f*q - 4. What is the remainder when 207 is divided by q?
51
Suppose -139*b + 488 = -135*b. What is the remainder when b is divided by 63?
59
Let f(p) = 16*p + 53*p**3 - 52*p**3 - 13 - p**2 - 11*p**2. Suppose 4*a = 33 + 27. What is the remainder when f(11) is divided by a?
12
Let v be 9/12*(1 - -3). Suppose 0 = h + v*h - 108. Let o = 29 - 22. Calculate the remainder when h is divided by o.
6
Let s(f) = -22*f + 34 - 19*f + 55*f - 17*f. Calculate the remainder when 19 is divided by s(9).
5
Let y = -27 - -27. Suppose -r + 17 + 21 = y. Suppose -1 = c - 21. Calculate the remainder when r is divided by c.
18
Calculate the remainder when 452 is divided by 2/12 - ((-3003)/(-18))/(-13).
10
Suppose -2*r = 4*r - 54. Suppose 300 = -3*f + r*f. Let l = 30 - 17. What is the remainder when f is divided by l?
11
Let h = 1118 + -1055. Calculate the remainder when 287 is divided by h.
35
Let w(s) = -27*s. Let c be w(3). Let x be c/(-15) - 3/(-5). Let r = 5 + x. Calculate the remainder when r is divided by 6.
5
Calculate the remainder when (74/(-6))/(1/(-3)) is divided by (-2)/(-17) - 15544/(-1972).
5
Suppose -22*b - 372 = -53*b. Calculate the remainder when 812 is divided by b.
8
Suppose -11*m = -13*m + 24. Suppose 2*g - 4*b = m, -19 = -5*g + 2*b - 3*b. Calculate the remainder when 6 is divided by g.
2
Let l(y) = -y**2 - 16*y - 10. What is the remainder when 71 is divided by l(-13)?
13
Let d(f) = -f**2 - 5*f + 3. Let c be d(-4). Let o(y) be the first derivative of 3*y**2/2 + 4*y + 136. What is the remainder when o(c) is divided by 9?
7
Let i be 8/((21/(-6))/(-7)). Suppose 3*a - i = 65. What is the remainder when a is divided by 7?
6
Let f be (4/10)/((-1)/15). Let l be -2 - 4 - 2 - 4. Let w = f - l. What is the remainder when 17 is divided by w?
5
Let t(v) be the first derivative of 3*v**2 - 3*v - 1. Suppose 0 = -806*m + 810*m, -4*i + 40 = -2*m. What is the remainder when t(3) is divided by i?
5
Suppose 0*y = -3*y + 150. Let g = -43 + 59. What is the remainder when y is divided by -1 + -2 + 0 + g?
11
Let s(f) = f - 20. Let z be s(-4). Let k = z + 28. Calculate the remainder when 6 is divided by k.
2
Let r = -6 + 21. Let t(p) = 7*p - 52. Calculate the remainder when t(r) is divided by (-4)/18 - (-762)/27.
25
Suppose -120 = 1621*u - 1629*u. Let s(c) = 3*c**2 - 7*c - 8. Calculate the remainder when s(6) is divided by u.
13
Suppose -24*z + 14 = -22*z. Let j = 13 - 22. Let v = 17 - j. Calculate the remainder when v is divided by z.
5
Let q = -38 + 40. What is the remainder when 33 is divided by (-7)/q*(-48)/14?
9
Suppose -5*z = 37 + 3. Let o(f) = -f - 10. Let a be o(z). Let x(t) = -20*t + 6. What is the remainder when x(a) is divided by 24?
22
Suppose 31 = -2*k - 11. Let j = -29 - -58. Let t = j + k. Calculate the remainder when t is divided by 5.
3
Let y = -10 + 10. Suppose 8*v + y*v = 296. What is the remainder when 182 is divided by v?
34
Let c(b) be the second derivative of b**4/12 - b**3/3 - 5*b**2/2 - 37*b. Calculate the remainder when c(5) is divided by (-2)/(-4)*18/3.
1
Let w(k) = -9*k**3 - 2*k**2 - 3*k - 1. Let p(h) = -18*h. Let b be p(-1). Let s = -19 + b. What is the remainder when 33 is divided by w(s)?
6
Suppose 0 = -3*v + 378 + 33. Let u = 215 - v. Suppose 0 = 2*g - g - u. What is the remainder when g is divided by 20?
18
Let w(f) be the third derivative of -f**6/120 + f**5/6 + 5*f**4/24 + f**3/6 + 8*f**2. What is the remainder when w(9) is divided by 13?
10
Suppose 43*r - 44*r = 0. Calculate the remainder when 46 is divided by 10/15*30 - (r + 3).
12
Let b(t) = -t**3 + 51*t**2 + 55*t - 109. Calculate the remainder when 163 is divided by b(52).
22
Let h(a) = -a**3 + 13*a**2 + 7*a - 70. Calculate the remainder when 21 is divided by h(13).
0
Let d = 256 - 177. Calculate the remainder when d is divided by 9/6*-2 + 30.
25
Let j(p) = -p**2 + 20*p + 1. Let t be j(19). Suppose 4*x = 5*x - t. What is the remainder when 37 is divided by x?
17
Let k(z) = z**3 - 19*z**2 + 85*z - 20. Calculate the remainder when 490 is divided by k(13).
64
Suppose 0*x + 2*a = -x, -5*a - 44 = -3*x. Suppose 0 = -x*w + 49 + 103. What is the remainder when w is divided by ((-7)/2)/(2/(-4))?
5
Let t(j) = -j**3 + 6*j**2 + 10*j + 4. What is the remainder when 248 is divided by t(7)?
23
Let s(l) be the first derivative of l**3 + 2*l**2 - 8*l + 12. Let d be s(-6). Let z = d - 46. What is the remainder when 87 is divided by z?
27
Let u(t) = 302*t - 11. What is the remainder when u(1) is divided by 42?
39
Let r be 54/(-4) + (-12)/(-8). What is the remainder when 14 is divided by (-2 - 1)/(r/16)?
2
Let h(o) = 49*o**3 - 2*o**2 + 2*o - 1. Let b be h(1). Let t(p) = -11*p - 2. Let g be t(2). Let z = b + g. What is the remainder when 45 is divided by z?
21
Suppose 0 = 4*c - 5*c + 12. Let j = 180 + -79. Suppose -2*v + 41 = r, -2*r + j = 5*v + r. What is the remainder when v is divided by c?
10
Calculate the remainder when 175 is divided by (-1776)/(-108) - 4/9.
15
Suppose 0 = 2*p - 4, -2*p = -d - p + 21. Let q(y) = -y + 7. Let z(f) = -1. Let x(j) = q(j) + 2*z(j). Calculate the remainder when d is divided by x(-7).
11
Let k be -9 - (-8)/12*6. Calculate the remainder when 25 is divided by ((-27)/6)/(k/10).
7
Let o(l) = -28*l + 40. What is the remainder when 21 is divided by o(1)?
9
Let o = 23 + -13. Suppose 3*j - 2*c + 1 = 2, -2*j - o = -4*c. Calculate the remainder when -3*((7 - (2 - -2)) + -4) is divided by j.
0
Suppose 0*b + b = -4*n + 32, 2*n = -4*b + 16. Let q = 726 - 723. What is the remainder when n is divided by q?
2
Let h be (9 + 3 - -1)*-4. Let c = h - -75. What is the remainder when c is divided by 6?
5
Suppose -13*c + 3*c + 1100 = 0. Calculate the remainder when c is divided by 49.
12
Suppose -18 = 3*f - 54. What is the remainder when 20 is divided by f?
8
Let c = -41 + 47. Suppose -c*r = r - 168. Suppose -r = -4*l - 12. What is the remainder when 12 is divided by l?
0
Let a = -10 - -14. Let d be (-1 - -1) + 13 + a. Let t = 10 + d. What is the remainder when t is divided by 15?
12
Suppose -2*q + 21 + 3 = 0. Suppose 0 = 5*x + 3 + q. What is the remainder when 11 is divided by 2/(x/(30/(-4)))?
1
Let v = -24 - -35. What is the remainder when 261 is divided by v?
8
Let s(z) = 164*z**3 - 2*z**2 + 2*z - 1. Let v be s(1). Let j = v + -240. Let x = j + 130. What is the remainder when x is divided by 14?
11
Wha